*i - 12. Give j(8).
28
Let a(x) = -3*x + 22. Give a(9).
-5
Let m(k) = k**2 + 5*k. Calculate m(-4).
-4
Let g(j) = j**3 - 6*j**2 + 5*j - 4. Determine g(6).
26
Let h(m) = m**2 - 28*m + 158. Calculate h(20).
-2
Let g(d) = 6*d**2 + 4*d + 3. Give g(-2).
19
Let y(x) = x**2 + 2*x - 10. Give y(3).
5
Let d(y) = 7*y + 7. What is d(3)?
28
Let m(h) = 27*h. Give m(1).
27
Let p(f) = -3*f - 48. What is p(-23)?
21
Let l(h) = -h**2 - 17*h + 144. Determine l(-23).
6
Let u(z) = z**2 - 11*z + 7. Calculate u(4).
-21
Let h(b) = -b - 10. What is h(-13)?
3
Let d(g) = -g**2 + 53*g + 490. Give d(61).
2
Let o(l) = -2*l - 57. What is o(-20)?
-17
Let o(i) = -i**2 - 5*i - 10. Calculate o(-5).
-10
Let k(n) = -n**2 + 6*n - 1. What is k(4)?
7
Let n(p) = -p - 24. Determine n(-22).
-2
Let f(t) = t**2 + 5*t - 7. What is f(5)?
43
Let z(l) = -42*l - 7. Give z(3).
-133
Let i(p) = 6*p - 22. Give i(8).
26
Let x(s) = -s**2 - s - 36. Calculate x(0).
-36
Let f(c) = 20*c**3 - 2*c - 1. Give f(-1).
-19
Let c(r) = -r**3 + 14*r**2 + 15*r - 17. Give c(15).
-17
Let p(a) = -8*a**2 + 2*a + 1. Calculate p(2).
-27
Let k(v) = 14*v - 1. Calculate k(-1).
-15
Let t(x) = x**3 - 8*x**2 + 3*x + 24. Determine t(7).
-4
Let o(i) = -i**3 + 4*i**2 + 4*i - 10. Determine o(4).
6
Let l(u) = u**2 - 4*u - 8. Calculate l(4).
-8
Let m(j) = -2*j + 7. What is m(9)?
-11
Let z(p) = 2*p**2 - 11*p - 11. Determine z(6).
-5
Let q(r) = -r**3 - 13*r**2 + 13*r - 12. Determine q(-14).
2
Let j(i) = -9*i**3 - 5*i**2 + 4*i - 1. What is j(1)?
-11
Let j(d) = -4*d - 3. What is j(7)?
-31
Let h(n) = -n**3 + 11*n**2 - 24*n + 46. Give h(9).
-8
Let c(w) = -7*w - 300. What is c(-43)?
1
Let j(h) = h**3 + 18*h**2 - 26*h - 133. What is j(-19)?
0
Let a(d) = d**2 + 3*d. Determine a(-4).
4
Let w(y) = 2*y**2 - y - 1. What is w(-2)?
9
Let q(g) = -6*g**2 - g - 2. What is q(-3)?
-53
Let k(r) = r**3 + 16*r**2 + 63*r - 21. Determine k(-7).
-21
Let k(b) = -b**2 - 12*b + 32. Determine k(-17).
-53
Let g(s) = s**3 + 25*s**2 - 34. Give g(-25).
-34
Let f(z) = -z**2 - 8*z - 8. Calculate f(-6).
4
Let z(d) = d**3 + 5*d**2 - 5*d + 6. Give z(-6).
0
Let v(k) = -8*k + 7. What is v(3)?
-17
Let x(y) = 3*y**3 + 4*y**2 + 4*y + 13. What is x(-2)?
-3
Let s(l) = -l**3 - 9*l**2 - 14*l + 2. Give s(-8).
50
Let p(t) = t**3 - 15*t**2 + 23*t + 18. Determine p(13).
-21
Let n(w) = -3*w**2 - 3*w + 7. What is n(2)?
-11
Let v(y) = 3*y + 56. Give v(-14).
14
Let z(w) = w**3 - 5*w**2 - 3*w + 3. What is z(4)?
-25
Let v(k) = 2*k - 5. Calculate v(6).
7
Let o(w) = w**3 - 2*w**2 + w. What is o(3)?
12
Let k(i) = -2*i**2 - 9*i. What is k(-6)?
-18
Let m(l) = -l**3 - 8*l**2 - 3*l + 4. Determine m(-3).
-32
Let s(j) = 8*j**2 + 216*j + 3. Give s(-27).
3
Let m(z) = -11*z**3 - z**2 - 3*z + 2. Calculate m(1).
-13
Let l(g) = 3*g + 2. Determine l(0).
2
Let r(z) = -14*z**3 - z - 1. What is r(-1)?
14
Let y(s) = s**3 - 9*s**2 - 12*s - 14. Give y(10).
-34
Let g(o) = -23*o + 43. Calculate g(2).
-3
Let w(u) = 9*u - 17. Give w(8).
55
Let h(v) = -6*v + 37. Determine h(8).
-11
Let o(q) = -q**2 + 11*q - 6. What is o(8)?
18
Let n(k) = 7*k**2 - k - 12. What is n(0)?
-12
Let r(f) = 36*f**3 - f - 1. Calculate r(-1).
-36
Let a(g) = g**2 + 5*g + 1. What is a(-4)?
-3
Let t(q) = -q + 16. What is t(11)?
5
Let k(t) = 4*t**2 + 2*t - 6. Calculate k(-3).
24
Let u(k) = 4*k**2 + 6*k - 2. Calculate u(-3).
16
Let r(f) = 5*f + 8. Calculate r(-2).
-2
Let y(j) = -j**3 - 5*j**2 + j + 5. Give y(-4).
-15
Let o(d) = d**2 - 4*d - 15. What is o(7)?
6
Let f(z) = -z + 15. Calculate f(28).
-13
Let n(u) = u**3 + 7*u**2 + 5*u - 30. Give n(-5).
-5
Let w(o) = -57*o**2 + 3*o - 2. Determine w(1).
-56
Let w(k) = -2*k**3 - 44*k**2 + 31. What is w(-22)?
31
Let g(l) = -3*l - 13. Determine g(-4).
-1
Let l(f) = f**2 - 3*f - 2. Determine l(-6).
52
Let h(d) = 10*d + 202. Determine h(-21).
-8
Let g(b) = 30*b - 1. Give g(-3).
-91
Let f(d) = 7*d - 5. Calculate f(3).
16
Let l(u) = -u**2 - 2*u - 4. Calculate l(-5).
-19
Let j(f) = -3*f**2 - 3*f + 2. Give j(-2).
-4
Let d(m) = -30*m**2 - m + 1. Determine d(-1).
-28
Let s(o) = -o**3 + 7*o**2 - 23*o + 47. Give s(4).
3
Let c(b) = b + 14. What is c(0)?
14
Let x(c) = 24*c**2 + 7*c + 4. What is x(-2)?
86
Let l(k) = -273*k + 2176. Give l(8).
-8
Let d(b) = -b**3 + 5*b**2 + 7*b + 7. Calculate d(7).
-42
Let c(x) = -7*x + 458. Give c(66).
-4
Let x(w) = -2*w**3 - 7*w**2 + 3*w - 2. What is x(-4)?
2
Let l(s) = -s**2 - 8*s + 3. Determine l(-5).
18
Let q(t) = t**3 - 30*t**2 + 6*t - 177. Determine q(30).
3
Let l(m) = -4*m**2 - 35*m. What is l(-9)?
-9
Let p(b) = 2*b**2 - 35*b + 9. What is p(10)?
-141
Let i(o) = o - 45. Determine i(15).
-30
Let l(v) = v**3 + 6*v**2 + 4*v. Determine l(-4).
16
Let j(z) = 12*z - 1. Calculate j(3).
35
Let d(p) = -61*p + 9. Give d(2).
-113
Let u(z) = z**3 - 5*z + 12. Give u(0).
12
Let l(c) = -c**3 + 18*c**2 + 17*c + 36. Give l(19).
-2
Let u(n) = n**2 + 5*n + 6. What is u(-4)?
2
Let h(y) = -6*y**2. Determine h(1).
-6
Let h(j) = -j**3 - 12*j**2 + 9*j - 3. Calculate h(-13).
49
Let n(b) = -b**2 + 6*b - 7. Determine n(3).
2
Let v(n) = 19*n + 223. Determine v(-11).
14
Let u(z) = z**3 + 11*z**2 - 8*z - 10. Give u(-12).
-58
Let q(x) = x**2 - 12*x + 20. Calculate q(10).
0
Let h(b) = b**2 - 12*b + 11. What is h(9)?
-16
Let v(m) = -3*m - 42. What is v(-12)?
-6
Let n(m) = m**2 + 34*m - 166. Determine n(-38).
-14
Let o(f) = -7*f**3 + f**2 + 4*f + 2. Give o(-3).
188
Let o(n) = n**3 - 2*n + 70. Calculate o(0).
70
Let v(t) = t**3 + 10*t**2 + 3*t + 10. Determine v(-9).
64
Let x(j) = -j**3 - 3*j**2 + 2*j + 3. Determine x(-3).
-3
Let o(a) = a - 2. Give o(7).
5
Let w(t) = -2*t + 12. Calculate w(11).
-10
Let c(v) = v**3 + 5*v**2 - v + 7. Give c(-6).
-23
Let j(l) = 72*l**2 + l - 1. Calculate j(1).
72
Let k(j) = j + 74. Determine k(-5).
69
Let s(m) = 19*m - 15. Give s(4).
61
Let u(o) = -11*o**2 - 2*o + 1. Determine u(-2).
-39
Let u(y) = -y**2 - 12*y - 19. Give u(-10).
1
Let b(q) = 2*q**2 - 2*q + 3. Determine b(3).
15
Let r(i) = i**2 - 6*i + 2. Calculate r(7).
9
Let b(g) = -10*g + 64. Give b(7).
-6
Let v(d) = 2*d**2 + 2*d - 3. Determine v(-3).
9
Let p(s) = s**3 - 14*s**2 - 14*s - 5. What is p(15)?
10
Let q(o) = -2*o**3 - 5*o**2 - 6*o - 3. Determine q(-2).
5
Let h(p) = 9*p**2 - 6*p + 6. Give h(2).
30
Let h(z) = 188*z + 372. What is h(-2)?
-4
Let p(f) = -79*f - 636. Give p(-8).
-4
Let n(z) = z - 39. What is n(-9)?
-48
Let m(o) = o**2 + 7*o + 15. Calculate m(-6).
9
Let d(k) = -6*k - 188. Give d(-32).
4
Let r(f) = f**2 + f + 1. Determine r(4).
21
Let z(m) = m - 23. Give z(0).
-23
Let y(j) = 6*j - 67. What is y(7)?
-25
Let a(x) = x**2 - 16*x + 65. Calculate a(10).
5
Let k(w) = w**3 + 2*w**2 + w + 6. Give k(-3).
-6
Let u(f) = f**3 + 29*f**2 + 27*f - 52. Determine u(-28).
-24
Let k(p) = 16*p**2 - 14*p + 13. Determine k(1).
15
Let d(a) = -a**3 + 10*a**2 + 13*a - 26. Give d(11).
-4
Let m(c) = c**3 + 6*c**2 - 3*c + 6. Determine m(-7).
-22
Let s(c) = c**3 + 11*c**2 + 10*c + 3. Determine s(-10).
3
Let a(k) = k**3 - 7*k**2 - 19*k + 9. What is a(9)?
0
Let t(w) = -36*w - 32. Determine t(-1).
4
Let q(u) = 25*u + 1. Calculate q(-1).
-24
Let h(p) = -p**2 - 7*p + 2. What is h(-8)?
-6
Let b(o) = 2*o - 26. Give b(13).
0
Let a(i) = -i**3 - 2*i**2 + 2*i + 1. Determine a(-5).
66
Let m(n) = -n**3 + 9*n**2 - 7*n - 1. Determine m(8).
7
Let t(a) = -a**2 + 12*a - 19. What is t(11)?
-8
Let q(s) = -13*s - 52. Give q(-4).
0
Let l(k) = -31*k + 118. Determine l(6).
-68
Let p(w) = -2*w**2 - 2*w - 6. What is p(4)?
-46
Let y(w) = -w**2 - w - 5. What is y(0)?
-5
Let w(l) = l**2 - 2*l + 4. Determine w(0).
4
Let r(l) = -2*l**2 + 18*l + 10. Calculate r(10).
-10
Let m(q) = q**2 + 59. Calculate m(0).
59
Let a(k) = k**2 + 2*k - 23. Calculate a(-7).
12
Let h(b) = b**2 - 2*b - 9. Determine h(-4).
15
Let s(k) = 6*k - 4. Give s(1).
2
Let k(z) = z**3 - z**2 - 11*z - 8. Calculate k(4).
-4
Let d(z) = -z**3 - z**2 + 1. What is d(5)?
-149
Let j(a) = -a**3 + 23*a**2 - 77*a + 35. Give j(19).
16
Let q(o) = -4*o - 7. Give q(3).
-19
Let h(x) = -14*x - 76. Give h(-5).
-6
Let l(r) = -5*r - 4. Determine l(-6).
26
Let q(j) = j**3 - 8*j**2 + 9*j - 8. What is q(8)?
64
Let k(i) = -11*i. Calculate k(-1).
11
Let p(m) = -m**3 - 3*m**2 - m. Determine p(-3).
3
Let g(v) = 2*v**2 + 5*v + 1. What is g(-4)?
13
Let u(z) = -z**2 - 2*z - 4. Calculate u(-2).
-4
Let o(y) = 18*y - 1150. Determine o(